Welcome to the Treehouse Community

Want to collaborate on code errors? Have bugs you need feedback on? Looking for an extra set of eyes on your latest project? Get support with fellow developers, designers, and programmers of all backgrounds and skill levels here with the Treehouse Community! While you're at it, check out some resources Treehouse students have shared here.

Looking to learn something new?

Treehouse offers a seven day free trial for new students. Get access to thousands of hours of content and join thousands of Treehouse students and alumni in the community today.

Start your free trial

Android

My app wont run but logcat keeps running

I'm making an app called "Textly" and when I run the app on a real device, the app never opens. I don't think I am getting any error from what I can tell in the logcat. Can someone else take a look?

11-07 11:39:17.439 13169-13169/? D/fb-odexdeps: starting optimization pass 1
11-07 11:39:17.439 13169-13169/? D/fb-odexdeps: using 1 threads
11-07 11:39:17.439 13169-13171/? D/fb-odexdeps: compiling /data/data/com.facebook.orca/app_secondary_program_dex/program-d8d4bf3793b038f70dcb793b6e2766d519f305963ad9c49.dex.jar -> /data/data/com.facebook.orca/app_secondary_program_dex_opt/ad/dalvik-cache/data@data@com.facebook.orca@app_secondary_program_dex@program-d8d4bf3793b038f70dcb793b6e2766d519f305963ad9c49.dex.jar@classes.dex
11-07 11:39:17.439 13169-13171/? D/fb-odexdeps: ANDROID_DATA: /data/data/com.facebook.orca/app_secondary_program_dex_opt/ad
11-07 11:39:17.439 13169-13171/? D/fb-odexdeps: BOOTCLASSPATH: /system/framework/core.jar:/system/framework/core-junit.jar:/system/framework/bouncycastle.jar:/system/framework/ext.jar:/system/framework/framework.jar:/system/framework/android.policy.jar:/system/framework/services.jar:/system/framework/apache-xml.jar:/system/framework/filterfw.jar
11-07 11:39:17.589 13172-13172/? D/fb-dexopthook: hooked dvmCheckOptHeaderAndDependencies using jump ()
11-07 11:39:17.589 13172-13172/? D/fb-dexopthook: hooked dvmLinearAllocCreate using jump ()
11-07 11:39:17.589 13172-13172/? D/fb-dexopthook: hooked dvmLinearAllocDestroy using jump ()
11-07 11:39:17.589 13172-13172/? D/fb-dexopthook: hooked dvmLinearAlloc using jump ()
11-07 11:39:17.589 13172-13172/? D/fb-dexopthook: hooked dvmLinearRealloc using jump ()
11-07 11:39:17.589 13172-13172/? D/fb-dexopthook: hooked dvmLinearSetReadOnly using jump ()
11-07 11:39:17.589 13172-13172/? D/fb-dexopthook: hooked dvmLinearSetReadWrite using jump ()
11-07 11:39:17.589 13172-13172/? D/fb-dexopthook: hooked dvmLinearFree using jump ()
11-07 11:39:17.589 13172-13172/? D/fb-dexopthook: hooked dvmLinearStrdup using jump ()
11-07 11:39:17.589 13172-13172/? D/fb-dexopthook: hooked dvmLinearAllocDump using jump ()
11-07 11:39:17.599 13172-13172/? D/fb-dexopthook: hooked dvmLinearAllocContains using jump ()
11-07 11:39:17.599 13172-13172/? D/fb-dexopthook: hooked all functions
11-07 11:39:18.999 13169-13171/? D/fb-odexdeps: compiling /data/data/com.facebook.orca/app_secondary_program_dex/program-3bb791a08efc3797e8c0739b59a4b32ed712b1d93ad9c49.dex.jar -> /data/data/com.facebook.orca/app_secondary_program_dex_opt/ad/dalvik-cache/data@data@com.facebook.orca@app_secondary_program_dex@program-3bb791a08efc3797e8c0739b59a4b32ed712b1d93ad9c49.dex.jar@classes.dex
11-07 11:39:18.999 13169-13171/? D/fb-odexdeps: ANDROID_DATA: /data/data/com.facebook.orca/app_secondary_program_dex_opt/ad
11-07 11:39:18.999 13169-13171/? D/fb-odexdeps: BOOTCLASSPATH: /system/framework/core.jar:/system/framework/core-junit.jar:/system/framework/bouncycastle.jar:/system/framework/ext.jar:/system/framework/framework.jar:/system/framework/android.policy.jar:/system/framework/services.jar:/system/framework/apache-xml.jar:/system/framework/filterfw.jar
11-07 11:39:19.059 277-378/? W/ActivityManager: Timeout of broadcast BroadcastRecord{41cd6b48 android.net.wifi.RSSI_CHANGED} - receiver=android.os.BinderProxy@411babc0, started 10006ms ago
11-07 11:39:19.059 277-378/? W/ActivityManager: Receiver during timeout: ResolveInfo{41329b58 com.facebook.messaging.connectivity.ConnectivityBroadcastReceiver p=0 o=0 m=0x108000}
11-07 11:39:19.099 105-105/? E/SMD: DCD OFF
11-07 11:39:20.159 13173-13173/? D/fb-dexopthook: hooked dvmCheckOptHeaderAndDependencies using jump ()
11-07 11:39:20.159 13173-13173/? D/fb-dexopthook: hooked dvmLinearAllocCreate using jump ()
11-07 11:39:20.159 13173-13173/? D/fb-dexopthook: hooked dvmLinearAllocDestroy using jump ()
11-07 11:39:20.159 13173-13173/? D/fb-dexopthook: hooked dvmLinearAlloc using jump ()
11-07 11:39:20.169 13173-13173/? D/fb-dexopthook: hooked dvmLinearRealloc using jump ()
11-07 11:39:20.169 13173-13173/? D/fb-dexopthook: hooked dvmLinearSetReadOnly using jump ()
11-07 11:39:20.169 13173-13173/? D/fb-dexopthook: hooked dvmLinearSetReadWrite using jump ()
11-07 11:39:20.169 13173-13173/? D/fb-dexopthook: hooked dvmLinearFree using jump ()
11-07 11:39:20.169 13173-13173/? D/fb-dexopthook: hooked dvmLinearStrdup using jump ()
11-07 11:39:20.169 13173-13173/? D/fb-dexopthook: hooked dvmLinearAllocDump using jump ()
11-07 11:39:20.169 13173-13173/? D/fb-dexopthook: hooked dvmLinearAllocContains using jump ()
11-07 11:39:20.169 13173-13173/? D/fb-dexopthook: hooked all functions
11-07 11:39:20.389 277-378/? E/ActivityManager: ANR in com.facebook.orca
11-07 11:39:20.389 277-378/? E/ActivityManager: Reason: Broadcast of Intent { act=android.net.wifi.RSSI_CHANGED flg=0x10000010 cmp=xxxx (has extras) }
11-07 11:39:20.389 277-378/? E/ActivityManager: Load: 12.06 / 13.74 / 14.39
11-07 11:39:20.389 277-378/? E/ActivityManager: CPU usage from 15066ms to 0ms ago:
11-07 11:39:20.389 277-378/? E/ActivityManager: 1.1% 70/mmcqd/0: 0% user + 1.1% kernel
11-07 11:39:20.389 277-378/? E/ActivityManager: 1% 12236/kworker/0:1: 0% user + 1% kernel
11-07 11:39:20.389 277-378/? E/ActivityManager: 0.9% 277/system_server: 0.4% user + 0.4% kernel / faults: 61 minor 4 major
11-07 11:39:20.389 277-378/? E/ActivityManager: 0.5% 109/zygote: 0.3% user + 0.1% kernel / faults: 584 minor
11-07 11:39:20.389 277-378/? E/ActivityManager: 0.3% 502/com.android.systemui: 0.3% user + 0% kernel / faults: 17 minor
11-07 11:39:20.389 277-378/? E/ActivityManager: 0% 27/kswapd0: 0% user + 0% kernel
11-07 11:39:20.389 277-378/? E/ActivityManager: 0.3% 108/surfaceflinger: 0.2% user + 0% kernel / faults: 3 minor
11-07 11:39:20.389 277-378/? E/ActivityManager: 0.2% 575/com.android.phone: 0.1% user + 0% kernel / faults: 8 minor 2 major
11-07 11:39:20.389 277-378/? E/ActivityManager: 0% 8202/flush-179:0: 0% user + 0% kernel
11-07 11:39:20.389 277-378/? E/ActivityManager: 0.1% 139/adbd: 0% user + 0.1% kernel / faults: 25 minor
11-07 11:39:20.389 277-378/? E/ActivityManager: 0% 88/jbd2/mmcblk0p18: 0% user + 0% kernel
11-07 11:39:20.389 277-378/? E/ActivityManager: 0% 102/rild: 0% user + 0% kernel / faults: 56 minor 2 major
11-07 11:39:20.389 277-378/? E/ActivityManager: 0% 105/smdexe: 0% user + 0% kernel
11-07 11:39:20.389 277-378/? E/ActivityManager: 0% 1005/ksdioirqd/mmc2: 0% user + 0% kernel
11-07 11:39:20.389 277-378/? E/ActivityManager: 0% 5140/com.google.android.apps.plus: 0% user + 0% kernel / faults: 31 minor 2 major
11-07 11:39:20.389 277-378/? E/ActivityManager: 0% 12901/com.android.voicedialer: 0% user + 0% kernel / faults: 279 minor 1 major
11-07 11:39:20.389 277-378/? E/ActivityManager: 0% 13149/kworker/u:1: 0% user + 0% kernel
11-07 11:39:20.389 277-378/? E/ActivityManager: +0% 13150/com.facebook.orca: 0% user + 0% kernel
11-07 11:39:20.389 277-378/? E/ActivityManager: +0% 13167/sh: 0% user + 0% kernel
11-07 11:39:20.389 277-378/? E/ActivityManager: +0% 13169/libodexdeps.so: 0% user + 0% kernel
11-07 11:39:20.389 277-378/? E/ActivityManager: +0% 13170/logcat: 0% user + 0% kernel
11-07 11:39:20.389 277-378/? E/ActivityManager: +0% 13173/dexopt: 0% user + 0% kernel
11-07 11:39:20.389 277-378/? E/ActivityManager: 67% TOTAL: 45% user + 6.7% kernel + 14% iowait
11-07 11:39:20.389 277-378/? E/ActivityManager: CPU usage from 721ms to 1248ms later:
11-07 11:39:20.389 277-378/? E/ActivityManager: 24% 13173/dexopt: 15% user + 8.4% kernel / faults: 2363 minor 3 major
11-07 11:39:20.389 277-378/? E/ActivityManager: 5.5% 277/system_server: 0% user + 5.5% kernel
11-07 11:39:20.389 277-378/? E/ActivityManager: 5.5% 378/ActivityManager: 0% user + 5.5% kernel
11-07 11:39:20.389 277-378/? E/ActivityManager: 1.8% 70/mmcqd/0: 0% user + 1.8% kernel
11-07 11:39:20.389 277-378/? E/ActivityManager: 1.8% 575/com.android.phone: 1.8% user + 0% kernel
11-07 11:39:20.389 277-378/? E/ActivityManager: 1.8% 12236/kworker/0:1: 0% user + 1.8% kernel
11-07 11:39:20.389 277-378/? E/ActivityManager: 1.2% 13170/logcat: 1.2% user + 0% kernel
11-07 11:39:20.389 277-378/? E/ActivityManager: 100% TOTAL: 28% user + 18% kernel + 52% iowait
11-07 11:39:20.389 277-378/? W/ActivityManager: Killing ProcessRecord{41333828 13150:com.facebook.orca/10058}: background ANR
11-07 11:39:20.409 277-547/? I/ActivityManager: Process app.processName (pid 13150) has died.
11-07 11:39:22.109 105-105/? E/SMD: DCD OFF
11-07 11:39:22.199 502-502/? V/StatusBar.BatteryController: status2batteryHealth 2
11-07 11:39:22.199 502-502/? D/StatusBar.BatteryController: mOldstatus2status 2
11-07 11:39:22.199 502-502/? D/StatusBar.BatteryController: now old status is 2
11-07 11:39:22.229 4775-4883/? W/ctxmgr: [PowerConnectionState]Got same value as before for power connection (Plug state: 2 BatteryLevel: 0.99)
11-07 11:39:25.109 105-105/? E/SMD: DCD OFF
11-07 11:39:28.109 105-105/? E/SMD: DCD OFF
11-07 11:39:31.119 105-105/? E/SMD: DCD OFF
11-07 11:39:32.229 502-502/? V/StatusBar.BatteryController: status2batteryHealth 2
11-07 11:39:32.229 502-502/? D/StatusBar.BatteryController: mOldstatus2status 2
11-07 11:39:32.229 502-502/? D/StatusBar.BatteryController: now old status is 2
11-07 11:39:32.239 4775-4883/? W/ctxmgr: [PowerConnectionState]Got same value as before for power connection (Plug state: 2 BatteryLevel: 0.99)
11-07 11:39:34.119 105-105/? E/SMD: DCD OFF
11-07 11:39:35.969 277-9676/? W/SignalStrength: getCdmaLevel=1
11-07 11:39:35.969 277-9676/? W/SignalStrength: getEvdoLevel=0
11-07 11:39:35.969 277-9676/? W/SignalStrength: getCdmaLevel=1
11-07 11:39:35.969 277-9676/? W/SignalStrength: getLevel=1
11-07 11:39:35.969 502-502/? W/SignalStrength: getCdmaLevel=1
11-07 11:39:35.969 502-502/? W/SignalStrength: getEvdoLevel=0
11-07 11:39:35.969 502-502/? W/SignalStrength: getCdmaLevel=1
11-07 11:39:35.969 502-502/? W/SignalStrength: getLevel=1
11-07 11:39:36.959 277-277/? W/SignalStrength: getCdmaLevel=2
11-07 11:39:36.959 277-277/? W/SignalStrength: getEvdoLevel=0
11-07 11:39:36.959 277-277/? W/SignalStrength: getCdmaLevel=2
11-07 11:39:36.959 277-277/? W/SignalStrength: getLevel=2
11-07 11:39:36.959 502-502/? W/SignalStrength: getCdmaLevel=2
11-07 11:39:36.959 502-502/? W/SignalStrength: getEvdoLevel=0
11-07 11:39:36.959 502-502/? W/SignalStrength: getCdmaLevel=2
11-07 11:39:36.959 502-502/? W/SignalStrength: getLevel=2
11-07 11:39:37.119 105-105/? E/SMD: DCD OFF
11-07 11:39:40.109 105-105/? E/SMD: DCD OFF
11-07 11:39:43.129 105-105/? E/SMD: DCD OFF
11-07 11:39:43.639 277-475/? D/Tethering: interfaceLinkStateChanged wlan0, true
11-07 11:39:43.639 277-475/? D/Tethering: interfaceStatusChanged wlan0, true
11-07 11:39:46.129 105-105/? E/SMD: DCD OFF
11-07 11:39:49.119 105-105/? E/SMD: DCD OFF
11-07 11:39:51.069 277-1475/? W/ThrottleService: unable to find stats for iface rmnet0
11-07 11:39:51.109 277-1475/? W/ThrottleService: unable to find stats for iface rmnet0
11-07 11:39:52.119 105-105/? E/SMD: DCD OFF
11-07 11:39:52.259 502-502/? V/StatusBar.BatteryController: status2batteryHealth 2
11-07 11:39:52.259 502-502/? D/StatusBar.BatteryController: mOldstatus2status 2
11-07 11:39:52.259 502-502/? D/StatusBar.BatteryController: now old status is 2
11-07 11:39:52.279 4775-4883/? W/ctxmgr: [PowerConnectionState]Got same value as before for power connection (Plug state: 2 BatteryLevel: 0.99)
11-07 11:39:55.129 105-105/? E/SMD: DCD OFF
11-07 11:39:55.969 502-502/? W/SignalStrength: getCdmaLevel=2
11-07 11:39:55.969 502-502/? W/SignalStrength: getEvdoLevel=0
11-07 11:39:55.969 502-502/? W/SignalStrength: getCdmaLevel=2
11-07 11:39:55.969 502-502/? W/SignalStrength: getLevel=2
11-07 11:39:55.969 277-1639/? W/SignalStrength: getCdmaLevel=2
11-07 11:39:55.969 277-1639/? W/SignalStrength: getEvdoLevel=0
11-07 11:39:55.969 277-1639/? W/SignalStrength: getCdmaLevel=2
11-07 11:39:55.969 277-1639/? W/SignalStrength: getLevel=2
11-07 11:39:58.129 105-105/? E/SMD: DCD OFF
11-07 11:40:01.129 105-105/? E/SMD: DCD OFF
11-07 11:40:01.409 277-475/? D/Tethering: interfaceLinkStateChanged wlan0, true
11-07 11:40:01.409 277-475/? D/Tethering: interfaceStatusChanged wlan0, true
11-07 11:40:02.279 502-502/? V/StatusBar.BatteryController: status2batteryHealth 2
11-07 11:40:02.279 502-502/? D/StatusBar.BatteryController: mOldstatus2status 2
11-07 11:40:02.279 502-502/? D/StatusBar.BatteryController: now old status is 2
11-07 11:40:02.299 4775-4883/? W/ctxmgr: [PowerConnectionState]Got same value as before for power connection (Plug state: 2 BatteryLevel: 0.99)
11-07 11:40:04.139 105-105/? E/SMD: DCD OFF
11-07 11:40:07.139 105-105/? E/SMD: DCD OFF
11-07 11:40:10.049 277-475/? D/Tethering: interfaceLinkStateChanged wlan0, true
11-07 11:40:10.049 277-475/? D/Tethering: interfaceStatusChanged wlan0, true
11-07 11:40:10.149 105-105/? E/SMD: DCD OFF
11-07 11:40:12.299 502-502/? V/StatusBar.BatteryController: status2batteryHealth 2
11-07 11:40:12.299 502-502/? D/StatusBar.BatteryController: mOldstatus2status 2
11-07 11:40:12.299 502-502/? D/StatusBar.BatteryController: now old status is 2
11-07 11:40:12.319 4775-4883/? W/ctxmgr: [PowerConnectionState]Got same value as before for power connection (Plug state: 2 BatteryLevel: 0.99)
11-07 11:40:13.149 105-105/? E/SMD: DCD OFF
11-07 11:40:16.149 105-105/? E/SMD: DCD OFF
11-07 11:40:19.149 105-105/? E/SMD: DCD OFF
11-07 11:40:22.159 105-105/? E/SMD: DCD OFF
11-07 11:40:22.319 502-502/? V/StatusBar.BatteryController: status2batteryHealth 2
11-07 11:40:22.319 502-502/? D/StatusBar.BatteryController: mOldstatus2status 2
11-07 11:40:22.319 502-502/? D/StatusBar.BatteryController: now old status is 2
11-07 11:40:22.339 4775-4883/? W/ctxmgr: [PowerConnectionState]Got same value as before for power connection (Plug state: 2 BatteryLevel: 0.99)
11-07 11:40:25.159 105-105/? E/SMD: DCD OFF
11-07 11:40:28.159 105-105/? E/SMD: DCD OFF
11-07 11:40:31.159 105-105/? E/SMD: DCD OFF
11-07 11:40:34.169 105-105/? E/SMD: DCD OFF
11-07 11:40:37.169 105-105/? E/SMD: DCD OFF
11-07 11:40:40.169 105-105/? E/SMD: DCD OFF
11-07 11:40:42.249 13176-13176/? D/dhcpcd: dhcp main start
11-07 11:40:42.259 7261-7261/? D/dhcpcd: enter handle_signal in dhcpcd.c
11-07 11:40:42.359 502-502/? V/StatusBar.BatteryController: status2batteryHealth 2
11-07 11:40:42.359 502-502/? D/StatusBar.BatteryController: mOldstatus2status 2
11-07 11:40:42.359 502-502/? D/StatusBar.BatteryController: now old status is 2
11-07 11:40:42.379 4775-4883/? W/ctxmgr: [PowerConnectionState]Got same value as before for power connection (Plug state: 2 BatteryLevel: 0.99)
11-07 11:40:43.169 105-105/? E/SMD: DCD OFF
11-07 11:40:45.339 277-378/? I/ActivityManager: Start proc app.processName for broadcast hostingNameStr: pid=13195 uid=10058 gids={3003, 1015, 1023, 3002, 1006}
11-07 11:40:46.169 105-105/? E/SMD: DCD OFF
11-07 11:40:46.399 13195-13195/? W/dalvikvm: VFY: unable to resolve static field 530 (a) in Lcom/facebook/messenger/app/di;
11-07 11:40:46.429 13195-13195/? W/dalvikvm: VFY: unable to resolve virtual method 5: Landroid/app/ActivityManager;.isLowRamDevice ()Z
11-07 11:40:46.519 13195-13195/? V/dalvik-internals: Registered Dalvik crash stream with Breakpad
11-07 11:40:46.649 13195-13195/? V/XZ: XZ native library initialized.
11-07 11:40:47.279 277-475/? D/Tethering: interfaceLinkStateChanged wlan0, true
11-07 11:40:47.279 277-475/? D/Tethering: interfaceStatusChanged wlan0, true
11-07 11:40:49.169 105-105/? E/SMD: DCD OFF
11-07 11:40:52.169 105-105/? E/SMD: DCD OFF
11-07 11:40:52.289 277-475/? D/Tethering: interfaceLinkStateChanged wlan0, true
11-07 11:40:52.289 277-475/? D/Tethering: interfaceStatusChanged wlan0, true
11-07 11:40:52.449 502-502/? V/StatusBar.BatteryController: status2batteryHealth 2
11-07 11:40:52.449 502-502/? D/StatusBar.BatteryController: mOldstatus2status 2
11-07 11:40:52.449 502-502/? D/StatusBar.BatteryController: now old status is 2
11-07 11:40:52.519 4775-4883/? W/ctxmgr: [PowerConnectionState]Got same value as before for power connection (Plug state: 2 BatteryLevel: 0.99)
11-07 11:40:53.519 13195-13195/? V/XZ: Cleaning up XZ decoder state.
11-07 11:40:53.609 13223-13223/? D/fb-odexdeps: starting optimization pass 1
11-07 11:40:53.609 13223-13223/? D/fb-odexdeps: using 1 threads
11-07 11:40:53.609 13223-13224/? D/fb-odexdeps: compiling /data/data/com.facebook.orca/app_secondary_program_dex/program-d8d4bf3793b038f70dcb793b6e2766d519f305963ad9c49.dex.jar -> /data/data/com.facebook.orca/app_secondary_program_dex_opt/ad/dalvik-cache/data@data@com.facebook.orca@app_secondary_program_dex@program-d8d4bf3793b038f70dcb793b6e2766d519f305963ad9c49.dex.jar@classes.dex
11-07 11:40:53.609 13223-13224/? D/fb-odexdeps: ANDROID_DATA: /data/data/com.facebook.orca/app_secondary_program_dex_opt/ad
11-07 11:40:53.619 13223-13224/? D/fb-odexdeps: BOOTCLASSPATH: /system/framework/core.jar:/system/framework/core-junit.jar:/system/framework/bouncycastle.jar:/system/framework/ext.jar:/system/framework/framework.jar:/system/framework/android.policy.jar:/system/framework/services.jar:/system/framework/apache-xml.jar:/system/framework/filterfw.jar
11-07 11:40:53.729 13225-13225/? D/fb-dexopthook: hooked dvmCheckOptHeaderAndDependencies using jump ()
11-07 11:40:53.729 13225-13225/? D/fb-dexopthook: hooked dvmLinearAllocCreate using jump ()
11-07 11:40:53.729 13225-13225/? D/fb-dexopthook: hooked dvmLinearAllocDestroy using jump ()
11-07 11:40:53.729 13225-13225/? D/fb-dexopthook: hooked dvmLinearAlloc using jump ()
11-07 11:40:53.729 13225-13225/? D/fb-dexopthook: hooked dvmLinearRealloc using jump ()
11-07 11:40:53.729 13225-13225/? D/fb-dexopthook: hooked dvmLinearSetReadOnly using jump ()
11-07 11:40:53.729 13225-13225/? D/fb-dexopthook: hooked dvmLinearSetReadWrite using jump ()
11-07 11:40:53.729 13225-13225/? D/fb-dexopthook: hooked dvmLinearFree using jump ()
11-07 11:40:53.729 13225-13225/? D/fb-dexopthook: hooked dvmLinearStrdup using jump ()
11-07 11:40:53.729 13225-13225/? D/fb-dexopthook: hooked dvmLinearAllocDump using jump ()
11-07 11:40:53.729 13225-13225/? D/fb-dexopthook: hooked dvmLinearAllocContains using jump ()
11-07 11:40:53.729 13225-13225/? D/fb-dexopthook: hooked all functions
11-07 11:40:54.819 13223-13224/? D/fb-odexdeps: compiling /data/data/com.facebook.orca/app_secondary_program_dex/program-3bb791a08efc3797e8c0739b59a4b32ed712b1d93ad9c49.dex.jar -> /data/data/com.facebook.orca/app_secondary_program_dex_opt/ad/dalvik-cache/data@data@com.facebook.orca@app_secondary_program_dex@program-3bb791a08efc3797e8c0739b59a4b32ed712b1d93ad9c49.dex.jar@classes.dex
11-07 11:40:54.819 13223-13224/? D/fb-odexdeps: ANDROID_DATA: /data/data/com.facebook.orca/app_secondary_program_dex_opt/ad
11-07 11:40:54.819 13223-13224/? D/fb-odexdeps: BOOTCLASSPATH: /system/framework/core.jar:/system/framework/core-junit.jar:/system/framework/bouncycastle.jar:/system/framework/ext.jar:/system/framework/framework.jar:/system/framework/android.policy.jar:/system/framework/services.jar:/system/framework/apache-xml.jar:/system/framework/filterfw.jar
11-07 11:40:55.169 105-105/? E/SMD: DCD OFF
11-07 11:40:55.309 277-378/? W/ActivityManager: Timeout of broadcast BroadcastRecord{41e1fd10 android.net.wifi.RSSI_CHANGED} - receiver=android.os.BinderProxy@41c9a960, started 10002ms ago
11-07 11:40:55.309 277-378/? W/ActivityManager: Receiver during timeout: ResolveInfo{41ce0870 com.facebook.messaging.connectivity.ConnectivityBroadcastReceiver p=0 o=0 m=0x108000}
11-07 11:40:55.709 13229-13229/? D/fb-dexopthook: hooked dvmCheckOptHeaderAndDependencies using jump ()
11-07 11:40:55.709 13229-13229/? D/fb-dexopthook: hooked dvmLinearAllocCreate using jump ()
11-07 11:40:55.709 13229-13229/? D/fb-dexopthook: hooked dvmLinearAllocDestroy using jump ()
11-07 11:40:55.709 13229-13229/? D/fb-dexopthook: hooked dvmLinearAlloc using jump ()
11-07 11:40:55.709 13229-13229/? D/fb-dexopthook: hooked dvmLinearRealloc using jump ()
11-07 11:40:55.709 13229-13229/? D/fb-dexopthook: hooked dvmLinearSetReadOnly using jump ()
11-07 11:40:55.709 13229-13229/? D/fb-dexopthook: hooked dvmLinearSetReadWrite using jump ()
11-07 11:40:55.709 13229-13229/? D/fb-dexopthook: hooked dvmLinearFree using jump ()
11-07 11:40:55.709 13229-13229/? D/fb-dexopthook: hooked dvmLinearStrdup using jump ()
11-07 11:40:55.709 13229-13229/? D/fb-dexopthook: hooked dvmLinearAllocDump using jump ()
11-07 11:40:55.719 13229-13229/? D/fb-dexopthook: hooked dvmLinearAllocContains using jump ()
11-07 11:40:55.719 13229-13229/? D/fb-dexopthook: hooked all functions
11-07 11:40:58.169 105-105/? E/SMD: DCD OFF
11-07 11:40:58.919 277-378/? E/ActivityManager: Load: 11.88 / 13.11 / 14.09
11-07 11:40:58.919 277-378/? E/ActivityManager: CPU usage from 8142ms to 0ms ago:
11-07 11:40:58.919 277-378/? E/ActivityManager: 56% 13195/com.facebook.orca: 53% user + 3.4% kernel / faults: 3495 minor 8 major
11-07 11:40:58.919 277-378/? E/ActivityManager: 7.1% 277/system_server: 6.3% user + 0.7% kernel / faults: 1285 minor 29 major
11-07 11:40:58.919 277-378/? E/ActivityManager: 2.7% 70/mmcqd/0: 0% user + 2.7% kernel
11-07 11:40:58.919 277-378/? E/ActivityManager: 2.3% 139/adbd: 0.2% user + 2% kernel / faults: 44 minor
11-07 11:40:58.919 277-378/? E/ActivityManager: 1.3% 12236/kworker/0:1: 0% user + 1.3% kernel
11-07 11:40:58.919 277-378/? E/ActivityManager: 0.6% 27/kswapd0: 0% user + 0.6% kernel
11-07 11:40:58.919 277-378/? E/ActivityManager: 0% 8202/flush-179:0: 0% user + 0% kernel
11-07 11:40:58.919 277-378/? E/ActivityManager: 0% 12849/com.android.defcontainer: 0% user + 0% kernel / faults: 475 minor 3 major
11-07 11:40:58.919 277-378/? E/ActivityManager: 0.3% 108/surfaceflinger: 0.3% user + 0% kernel / faults: 1 minor
11-07 11:40:58.919 277-378/? E/ActivityManager: 0.2% 502/com.android.systemui: 0.2% user + 0% kernel / faults: 59 minor 3 major
11-07 11:40:58.919 277-378/? E/ActivityManager: 0% 88/jbd2/mmcblk0p18: 0% user + 0% kernel
11-07 11:40:58.919 277-378/? E/ActivityManager: 0% 100/netd: 0% user + 0% kernel / faults: 1 minor
11-07 11:40:58.919 277-378/? E/ActivityManager: 0.1% 105/smdexe: 0% user + 0.1% kernel
11-07 11:40:58.919 277-378/? E/ActivityManager: 0% 175/netmgrd: 0% user + 0% kernel / faults: 111 minor 8 major
11-07 11:40:58.919 277-378/? E/ActivityManager: 0.1% 575/com.android.phone: 0.1% user + 0% kernel / faults: 62 minor 1 major
11-07 11:40:58.919 277-378/? E/ActivityManager: 0% 12061/kworker/u:4: 0% user + 0% kernel
11-07 11:40:58.919 277-378/? E/ActivityManager: 0.1% 13149/kworker/u:1: 0.1% user + 0% kernel
11-07 11:40:58.919 277-378/? E/ActivityManager: 0.1% 13170/logcat: 0.1% user + 0% kernel
11-07 11:40:58.919 277-378/? E/ActivityManager: +0% 13212/sh: 0% user + 0% kernel
11-07 11:40:58.919 277-378/? E/ActivityManager: +0% 13214/app_process: 0% user + 0% kernel
11-07 11:40:58.919 277-378/? E/ActivityManager: +0% 13223/libodexdeps.so: 0% user + 0% kernel
11-07 11:40:58.919 277-378/? E/ActivityManager: +0% 13229/dexopt: 0% user + 0% kernel
11-07 11:40:58.919 277-378/? E/ActivityManager: 100% TOTAL: 74% user + 14% kernel + 11% iowait
11-07 11:40:58.919 277-378/? E/ActivityManager: CPU usage from 2689ms to 3223ms later:
11-07 11:40:58.919 277-378/? E/ActivityManager: 35% 277/system_server: 27% user + 7.4% kernel / faults: 71 minor
11-07 11:40:58.919 277-378/? E/ActivityManager: 25% 386/PackageManager: 22% user + 3.7% kernel
11-07 11:40:58.919 277-378/? E/ActivityManager: 5.5% 378/ActivityManager: 1.8% user + 3.7% kernel
11-07 11:40:58.919 277-378/? E/ActivityManager: 1.8% 277/system_server: 1.8% user + 0% kernel
11-07 11:40:58.919 277-378/? E/ActivityManager: 1.8% 283/Compiler: 1.8% user + 0% kernel
11-07 11:40:58.919 277-378/? E/ActivityManager: 1.8% 289/Binder Thread #: 1.8% user + 0% kernel
11-07 11:40:58.919 277-378/? E/ActivityManager: 1.8% 604/Binder Thread #: 1.8% user + 0% kernel
11-07 11:40:58.919 277-378/? E/ActivityManager: 32% 13229/dexopt: 30% user + 1.8% kernel / faults: 464 minor 6 major
11-07 11:40:58.919 277-378/? E/ActivityManager: 23% 4685/com.google.android.gms: 20% user + 3.6% kernel / faults: 91 minor 4 major
11-07 11:40:58.919 277-378/? E/ActivityManager: 3.7% 70/mmcqd/0: 0% user + 3.7% kernel
11-07 11:40:58.919 277-378/? E/ActivityManager: 0.7% 575/com.android.phone: 0.7% user + 0% kernel / faults: 3 minor
11-07 11:40:58.919 277-378/? E/ActivityManager: 0.8% 5944/android.process.media: 0.8% user + 0% kernel / faults: 32 minor
11-07 11:40:58.919 277-378/? E/ActivityManager: 0.8% 5949/Compiler: 0% user + 0.8% kernel
11-07 11:40:58.919 277-378/? E/ActivityManager: 1.8% 12236/kworker/0:1: 0% user + 1.8% kernel
11-07 11:40:58.919 277-378/? E/ActivityManager: 100% TOTAL: 79% user + 20% kernel
11-07 11:40:58.919 277-378/? W/ActivityManager: Killing ProcessRecord{4122e418 13195:com.facebook.orca/10058}: background ANR
11-07 11:40:58.989 277-547/? I/ActivityManager: Process app.processName (pid 13195) has died.
11-07 11:40:59.129 277-386/? I/PackageManager: Running dexopt on: com.jordanpeterson.textly
11-07 11:41:01.179 105-105/? E/SMD: DCD OFF
11-07 11:41:01.309 277-475/? D/Tethering: interfaceLinkStateChanged wlan0, true
11-07 11:41:01.309 277-475/? D/Tethering: interfaceStatusChanged wlan0, true
11-07 11:41:01.899 277-378/? I/ActivityManager: Force stopping package name uid=10054
11-07 11:41:02.069 277-386/? D/PackageManager: New package installed in
11-07 11:41:02.399 502-502/? V/StatusBar.BatteryController: status2batteryHealth 2
11-07 11:41:02.399 502-502/? D/StatusBar.BatteryController: mOldstatus2status 2
11-07 11:41:02.399 502-502/? D/StatusBar.BatteryController: now old status is 2
11-07 11:41:02.419 4775-4883/? W/ctxmgr: [PowerConnectionState]Got same value as before for power connection (Plug state: 2 BatteryLevel: 0.99)
11-07 11:41:02.759 4685-13234/? D/PackageBroadcastService: Received broadcast action=android.intent.action.PACKAGE_ADDED and uri=com.jordanpeterson.textly
11-07 11:41:02.799 4685-4685/? D/ChimeraCfgMgr: Loading module com.google.android.gms.games from APK com.google.android.gms
11-07 11:41:02.889 4685-4685/? D/ChimeraCfgMgr: Loading module com.google.android.gms.gass from APK com.google.android.gms
11-07 11:41:02.889 4685-13235/? I/PeopleContactsSync: CP2 sync disabled
11-07 11:41:02.969 4685-4685/? D/AsyncTaskServiceImpl: Submit a task: h
11-07 11:41:02.999 10481-10481/? D/Finsky: [1] ExternalReferrer.access$100: Package state data is missing for com.jordanpeterson.textly
11-07 11:41:03.099 4685-4685/? D/ChimeraCfgMgr: Loading module com.google.android.gms.gass from APK com.google.android.gms
11-07 11:41:03.109 4685-13236/? D/h: Processing package: com.jordanpeterson.textly
11-07 11:41:03.109 4685-4685/? D/ChimeraCfgMgr: Loading module com.google.android.gms.vision from APK com.google.android.gms
11-07 11:41:03.299 4685-13236/? D/GassUtils: Found app info for package com.jordanpeterson.textly:1. Hash: da37b64d2bb2b4b8c5b2fc9676c0510a8b9d9af0354f485db3a35be6ef3b2f3e
11-07 11:41:03.299 4685-13236/? D/h: Found info for package com.jordanpeterson.textly in db.
11-07 11:41:04.179 105-105/? E/SMD: DCD OFF
11-07 11:41:04.299 277-372/? D/PackageManager: generateServicesMap(android.accounts.AccountAuthenticator): 5 services unchanged
11-07 11:41:06.029 277-372/? D/PackageManager: generateServicesMap(android.content.SyncAdapter): 32 services unchanged
11-07 11:41:06.339 277-475/? D/Tethering: interfaceLinkStateChanged wlan0, true
11-07 11:41:06.339 277-475/? D/Tethering: interfaceStatusChanged wlan0, true
11-07 11:41:06.839 277-372/? D/BackupManagerService: Received broadcast Intent { act=android.intent.action.PACKAGE_ADDED dat=package:com.jordanpeterson.textly flg=0x10000010 (has extras) }
11-07 11:41:07.049 277-372/? V/BackupManagerService: addPackageParticipantsLocked: #1
11-07 11:41:07.179 105-105/? E/SMD: DCD OFF
11-07 11:41:10.189 105-105/? E/SMD: DCD OFF
11-07 11:41:13.189 105-105/? E/SMD: DCD OFF
11-07 11:41:16.189 105-105/? E/SMD: DCD OFF
11-07 11:41:18.109 10481-10511/? D/Finsky: [1019] AppStatesReplicator.handleContentSyncResponse: Completed 0 account content syncs with 0 successful.
11-07 11:41:18.139 10481-10481/? D/Finsky: [1] 5.onFinished: Installation state replication succeeded.
11-07 11:41:19.199 105-105/? E/SMD: DCD OFF
11-07 11:41:22.199 105-105/? E/SMD: DCD OFF
11-07 11:41:22.449 502-502/? V/StatusBar.BatteryController: status2batteryHealth 2
11-07 11:41:22.449 502-502/? D/StatusBar.BatteryController: mOldstatus2status 2
11-07 11:41:22.449 502-502/? D/StatusBar.BatteryController: now old status is 2
11-07 11:41:22.459 4775-4883/? W/ctxmgr: [PowerConnectionState]Got same value as before for power connection (Plug state: 2 BatteryLevel: 0.99)
11-07 11:41:25.199 105-105/? E/SMD: DCD OFF
11-07 11:41:28.199 105-105/? E/SMD: DCD OFF
11-07 11:41:31.209 105-105/? E/SMD: DCD OFF
11-07 11:41:32.469 502-502/? V/StatusBar.BatteryController: status2batteryHealth 2
11-07 11:41:32.479 502-502/? D/StatusBar.BatteryController: mOldstatus2status 2
11-07 11:41:32.479 502-502/? D/StatusBar.BatteryController: now old status is 2
11-07 11:41:32.579 4775-4883/? W/ctxmgr: [AclManager]checkPermissionTypeStatus: no inject permission for AppMetadata{mUid=10013, mPackageName='com.google.android.gms'}. Returned permission was: PACKAGE_NOT_WHITELISTED for context name: POWER_CONNECTION
11-07 11:41:32.579 4775-4883/? W/ctxmgr: [AclManager]checkPermissionTypeStatus: no inject permission for AppMetadata{mUid=10013, mPackageName='com.google.android.gms'}. Returned permission was: PACKAGE_NOT_WHITELISTED for context name: POWER_CONNECTION
11-07 11:41:32.609 4775-4775/? E/ctxmgr: [PowerConnectionState]Could not write powerInfo=Plug state: 2 BatteryLevel: 1.0, status=Status{statusCode=unknown status code: 7503, resolution=null}
11-07 11:41:34.209 105-105/? E/SMD: DCD OFF
11-07 11:41:37.209 105-105/? E/SMD: DCD OFF
11-07 11:41:40.209 105-105/? E/SMD: DCD OFF
11-07 11:41:42.479 502-502/? V/StatusBar.BatteryController: status2batteryHealth 2
11-07 11:41:42.479 502-502/? D/StatusBar.BatteryController: mOldstatus2status 2
11-07 11:41:42.479 502-502/? D/StatusBar.BatteryController: now old status is 2
11-07 11:41:42.499 4775-4883/? W/ctxmgr: [PowerConnectionState]Got same value as before for power connection (Plug state: 2 BatteryLevel: 1.0)
11-07 11:41:43.209 105-105/? E/SMD: DCD OFF
11-07 11:41:46.209 105-105/? E/SMD: DCD OFF
11-07 11:41:49.209 105-105/? E/SMD: DCD OFF
11-07 11:41:52.209 105-105/? E/SMD: DCD OFF
11-07 11:41:55.219 105-105/? E/SMD: DCD OFF
11-07 11:41:58.229 105-105/? E/SMD: DCD OFF
11-07 11:42:01.229 105-105/? E/SMD: DCD OFF
11-07 11:42:01.719 277-475/? D/Tethering: interfaceLinkStateChanged wlan0, true
11-07 11:42:01.719 277-475/? D/Tethering: interfaceStatusChanged wlan0, true
11-07 11:42:02.519 502-502/? V/StatusBar.BatteryController: status2batteryHealth 2
11-07 11:42:02.519 502-502/? D/StatusBar.BatteryController: mOldstatus2status 2
11-07 11:42:02.519 502-502/? D/StatusBar.BatteryController: now old status is 2
11-07 11:42:02.539 4775-4883/? W/ctxmgr: [PowerConnectionState]Got same value as before for power connection (Plug state: 2 BatteryLevel: 1.0)
11-07 11:42:04.229 105-105/? E/SMD: DCD OFF
11-07 11:42:06.329 277-475/? D/Tethering: interfaceLinkStateChanged wlan0, true
11-07 11:42:06.329 277-475/? D/Tethering: interfaceStatusChanged wlan0, true
11-07 11:42:07.229 105-105/? E/SMD: DCD OFF
11-07 11:42:10.239 105-105/? E/SMD: DCD OFF
11-07 11:42:12.539 502-502/? V/StatusBar.BatteryController: status2batteryHealth 2
11-07 11:42:12.539 502-502/? D/StatusBar.BatteryController: mOldstatus2status 2
11-07 11:42:12.539 502-502/? D/StatusBar.BatteryController: now old status is 2
11-07 11:42:12.559 4775-4883/? W/ctxmgr: [PowerConnectionState]Got same value as before for power connection (Plug state: 2 BatteryLevel: 1.0)
11-07 11:42:13.239 105-105/? E/SMD: DCD OFF
11-07 11:42:16.239 105-105/? E/SMD: DCD OFF
11-07 11:42:19.239 105-105/? E/SMD: DCD OFF
11-07 11:42:22.249 105-105/? E/SMD: DCD OFF
11-07 11:42:25.239 105-105/? E/SMD: DCD OFF
11-07 11:42:28.249 105-105/? E/SMD: DCD OFF
11-07 11:42:31.249 105-105/? E/SMD: DCD OFF
11-07 11:42:34.249 105-105/? E/SMD: DCD OFF
11-07 11:42:35.089 277-289/? W/SignalStrength: getCdmaLevel=1
11-07 11:42:35.089 277-289/? W/SignalStrength: getEvdoLevel=0
11-07 11:42:35.089 277-289/? W/SignalStrength: getCdmaLevel=1